{"id":9873,"date":"2026-04-13T12:14:31","date_gmt":"2026-04-13T10:14:31","guid":{"rendered":"http:\/\/culture-zatous.com\/?page_id=9873"},"modified":"2026-04-13T13:03:51","modified_gmt":"2026-04-13T11:03:51","slug":"nos-projets-artistiques-et-culturels","status":"publish","type":"page","link":"http:\/\/culture-zatous.com\/?page_id=9873","title":{"rendered":"Nos projets artistiques et culturels"},"content":{"rendered":"\t\t<div data-elementor-type=\"wp-page\" data-elementor-id=\"9873\" class=\"elementor elementor-9873\" data-elementor-settings=\"{&quot;ha_cmc_init_switcher&quot;:&quot;no&quot;}\" data-elementor-post-type=\"page\">\n\t\t\t\t<div class=\"elementor-element elementor-element-0cf8b07 e-flex e-con-boxed e-con e-parent\" data-id=\"0cf8b07\" data-element_type=\"container\" data-settings=\"{&quot;_ha_eqh_enable&quot;:false}\">\n\t\t\t\t\t<div class=\"e-con-inner\">\n\t\t\t\t<div class=\"elementor-element elementor-element-89076f5 elementor-widget elementor-widget-heading\" data-id=\"89076f5\" data-element_type=\"widget\" data-widget_type=\"heading.default\">\n\t\t\t\t<div class=\"elementor-widget-container\">\n\t\t\t\t\t<h2 class=\"elementor-heading-title elementor-size-default\">Nos projets artistiques et culturels 2026\u20132027<\/h2>\t\t\t\t<\/div>\n\t\t\t\t<\/div>\n\t\t\t\t<div class=\"elementor-element elementor-element-6ef1cfd elementor-widget elementor-widget-text-editor\" data-id=\"6ef1cfd\" data-element_type=\"widget\" data-widget_type=\"text-editor.default\">\n\t\t\t\t<div class=\"elementor-widget-container\">\n\t\t\t\t\t\t\t\t\t<p>En 2026 et 2027, Culture Zatous poursuit son engagement en faveur de la cr\u00e9ation, du partage et de l\u2019acc\u00e8s \u00e0 la culture pour tous. \u00c0 travers une diversit\u00e9 de projets artistiques et culturels, nous souhaitons encourager l\u2019expression, favoriser les rencontres et valoriser les talents.<\/p>\t\t\t\t\t\t\t\t<\/div>\n\t\t\t\t<\/div>\n\t\t\t\t<div class=\"elementor-element elementor-element-da21a60 elementor-widget elementor-widget-spacer\" data-id=\"da21a60\" data-element_type=\"widget\" data-widget_type=\"spacer.default\">\n\t\t\t\t<div class=\"elementor-widget-container\">\n\t\t\t\t\t\t\t<div class=\"elementor-spacer\">\n\t\t\t<div class=\"elementor-spacer-inner\"><\/div>\n\t\t<\/div>\n\t\t\t\t\t\t<\/div>\n\t\t\t\t<\/div>\n\t\t\t\t\t<\/div>\n\t\t\t\t<\/div>\n\t\t<div class=\"elementor-element elementor-element-42c7c9c e-flex e-con-boxed e-con e-parent\" data-id=\"42c7c9c\" data-element_type=\"container\" data-settings=\"{&quot;_ha_eqh_enable&quot;:false}\">\n\t\t\t\t\t<div class=\"e-con-inner\">\n\t\t\t\t<div class=\"elementor-element elementor-element-bf51ad5 elementor-widget elementor-widget-heading\" data-id=\"bf51ad5\" data-element_type=\"widget\" data-widget_type=\"heading.default\">\n\t\t\t\t<div class=\"elementor-widget-container\">\n\t\t\t\t\t<h2 class=\"elementor-heading-title elementor-size-default\">Des exp\u00e9riences immersives et culturelles<\/h2>\t\t\t\t<\/div>\n\t\t\t\t<\/div>\n\t\t\t\t\t<\/div>\n\t\t\t\t<\/div>\n\t\t<div class=\"elementor-element elementor-element-1a7d490 e-flex e-con-boxed e-con e-parent\" data-id=\"1a7d490\" data-element_type=\"container\" data-settings=\"{&quot;_ha_eqh_enable&quot;:false}\">\n\t\t\t\t\t<div class=\"e-con-inner\">\n\t\t<div class=\"elementor-element elementor-element-bbb1034 e-con-full e-flex e-con e-child\" data-id=\"bbb1034\" data-element_type=\"container\" data-settings=\"{&quot;_ha_eqh_enable&quot;:false}\">\n\t\t\t\t<div class=\"elementor-element elementor-element-5d130c1 elementor-widget elementor-widget-image\" data-id=\"5d130c1\" data-element_type=\"widget\" data-widget_type=\"image.default\">\n\t\t\t\t<div class=\"elementor-widget-container\">\n\t\t\t\t\t\t\t\t\t\t\t\t\t\t\t<img fetchpriority=\"high\" decoding=\"async\" width=\"299\" height=\"295\" src=\"http:\/\/culture-zatous.com\/wp-content\/uploads\/2026\/04\/116581a336fd503a00c811441434d931.jpg.webp\" class=\"attachment-large size-large wp-image-9876\" alt=\"\" srcset=\"http:\/\/culture-zatous.com\/wp-content\/uploads\/2026\/04\/116581a336fd503a00c811441434d931.jpg.webp 299w, http:\/\/culture-zatous.com\/wp-content\/uploads\/2026\/04\/116581a336fd503a00c811441434d931.jpg-80x80.webp 80w, http:\/\/culture-zatous.com\/wp-content\/uploads\/2026\/04\/116581a336fd503a00c811441434d931.jpg-100x100.webp 100w\" sizes=\"(max-width: 299px) 100vw, 299px\" \/>\t\t\t\t\t\t\t\t\t\t\t\t\t\t\t<\/div>\n\t\t\t\t<\/div>\n\t\t\t\t<\/div>\n\t\t<div class=\"elementor-element elementor-element-1f13b9e e-con-full e-flex e-con e-child\" data-id=\"1f13b9e\" data-element_type=\"container\" data-settings=\"{&quot;_ha_eqh_enable&quot;:false}\">\n\t\t\t\t<div class=\"elementor-element elementor-element-4812d53 elementor-widget elementor-widget-text-editor\" data-id=\"4812d53\" data-element_type=\"widget\" data-widget_type=\"text-editor.default\">\n\t\t\t\t<div class=\"elementor-widget-container\">\n\t\t\t\t\t\t\t\t\t<p data-start=\"88\" data-end=\"675\">Le projet de r\u00e9alisation de vid\u00e9os immersives \u00e0 360 degr\u00e9s port\u00e9 par Culture Zatous Bretagne vise \u00e0 <strong>rendre les lieux et \u00e9v\u00e9nements culturels accessibles \u00e0 tous.<\/strong><\/p><p>Gr\u00e2ce \u00e0 cette technologie, les publics emp\u00each\u00e9s \u2013 personnes \u00e0 mobilit\u00e9 r\u00e9duite, \u00e2g\u00e9es ou isol\u00e9es \u2013 <strong>peuvent vivre une exp\u00e9rience culturelle immersive sans se d\u00e9placer<\/strong>.<br data-start=\"417\" data-end=\"420\" \/>Ces vid\u00e9os permettent de visiter des lieux, assister \u00e0 des spectacles ou rencontrer des artistes comme s\u2019ils y \u00e9taient r\u00e9ellement.<br data-start=\"550\" data-end=\"553\" \/>Elles contribuent ainsi \u00e0 d\u00e9fendre les droits culturels de chacun, en levant les freins li\u00e9s \u00e0 l\u2019accessibilit\u00e9 physique.<\/p>\t\t\t\t\t\t\t\t<\/div>\n\t\t\t\t<\/div>\n\t\t\t\t<\/div>\n\t\t\t\t\t<\/div>\n\t\t\t\t<\/div>\n\t\t<div class=\"elementor-element elementor-element-df37ea5 e-flex e-con-boxed e-con e-parent\" data-id=\"df37ea5\" data-element_type=\"container\" data-settings=\"{&quot;_ha_eqh_enable&quot;:false}\">\n\t\t\t\t\t<div class=\"e-con-inner\">\n\t\t\t\t<div class=\"elementor-element elementor-element-137f29b elementor-widget elementor-widget-text-editor\" data-id=\"137f29b\" data-element_type=\"widget\" data-widget_type=\"text-editor.default\">\n\t\t\t\t<div class=\"elementor-widget-container\">\n\t\t\t\t\t\t\t\t\t<p data-start=\"677\" data-end=\"1081\">Les structures culturelles partenaires peuvent toucher un public \u00e9largi, tout au long de l\u2019ann\u00e9e, au-del\u00e0 de leurs murs. Chaque projet prend la forme d\u2019une exp\u00e9rience immersive co-construite avec les participants.<br data-start=\"891\" data-end=\"894\" \/>Six b\u00e9n\u00e9ficiaires, accompagn\u00e9s par des structures sociales ou m\u00e9dico-sociales, sont int\u00e9gr\u00e9s \u00e0 chaque r\u00e9alisation. Ils participent \u00e0 toutes les \u00e9tapes : \u00e9criture, tournage et montage.<br \/>Cette d\u00e9marche favorise leur valorisation et le d\u00e9veloppement de comp\u00e9tences sociales et professionnelles.<br data-start=\"1189\" data-end=\"1192\" \/>Le projet repose sur une collaboration entre Culture Zatous, des structures du territoire, des r\u00e9alisateurs VR et les b\u00e9n\u00e9ficiaires. Il illustre l\u2019importance d\u2019une mobilisation collective pour une culture accessible \u00e0 tous.<\/p><p data-start=\"1421\" data-end=\"1860\">Les vid\u00e9os sont diffus\u00e9es gratuitement via des casques de r\u00e9alit\u00e9 virtuelle mis \u00e0 disposition dans les structures sociales des C\u00f4tes-d\u2019Armor.<\/p>\t\t\t\t\t\t\t\t<\/div>\n\t\t\t\t<\/div>\n\t\t\t\t\t<\/div>\n\t\t\t\t<\/div>\n\t\t<div class=\"elementor-element elementor-element-3b5e126 e-flex e-con-boxed e-con e-parent\" data-id=\"3b5e126\" data-element_type=\"container\" data-settings=\"{&quot;_ha_eqh_enable&quot;:false}\">\n\t\t\t\t\t<div class=\"e-con-inner\">\n\t\t\t\t<div class=\"elementor-element elementor-element-0ee50ac elementor-widget elementor-widget-image-gallery\" data-id=\"0ee50ac\" data-element_type=\"widget\" data-widget_type=\"image-gallery.default\">\n\t\t\t\t<div class=\"elementor-widget-container\">\n\t\t\t\t\t\t\t<div class=\"elementor-image-gallery\">\n\t\t\t<div id='gallery-1' class='gallery galleryid-9873 gallery-columns-4 gallery-size-medium'><figure class='gallery-item'>\n\t\t\t<div class='gallery-icon landscape'>\n\t\t\t\t<a data-elementor-open-lightbox=\"yes\" data-elementor-lightbox-slideshow=\"0ee50ac\" data-elementor-lightbox-title=\"Blocs_EU_R_21_27_RVB\" data-e-action-hash=\"#elementor-action%3Aaction%3Dlightbox%26settings%3DeyJpZCI6OTg4MSwidXJsIjoiaHR0cDpcL1wvY3VsdHVyZS16YXRvdXMuY29tXC93cC1jb250ZW50XC91cGxvYWRzXC8yMDI2XC8wNFwvQmxvY3NfRVVfUl8yMV8yN19SVkIuanBnIiwic2xpZGVzaG93IjoiMGVlNTBhYyJ9\" href='http:\/\/culture-zatous.com\/wp-content\/uploads\/2026\/04\/Blocs_EU_R_21_27_RVB.jpg'><img decoding=\"async\" width=\"300\" height=\"177\" src=\"http:\/\/culture-zatous.com\/wp-content\/uploads\/2026\/04\/Blocs_EU_R_21_27_RVB-300x177.jpg\" class=\"attachment-medium size-medium\" alt=\"\" srcset=\"http:\/\/culture-zatous.com\/wp-content\/uploads\/2026\/04\/Blocs_EU_R_21_27_RVB-300x177.jpg 300w, http:\/\/culture-zatous.com\/wp-content\/uploads\/2026\/04\/Blocs_EU_R_21_27_RVB-1024x604.jpg 1024w, http:\/\/culture-zatous.com\/wp-content\/uploads\/2026\/04\/Blocs_EU_R_21_27_RVB-768x453.jpg 768w, http:\/\/culture-zatous.com\/wp-content\/uploads\/2026\/04\/Blocs_EU_R_21_27_RVB-1536x907.jpg 1536w, http:\/\/culture-zatous.com\/wp-content\/uploads\/2026\/04\/Blocs_EU_R_21_27_RVB-2048x1209.jpg 2048w\" sizes=\"(max-width: 300px) 100vw, 300px\" \/><\/a>\n\t\t\t<\/div><\/figure><figure class='gallery-item'>\n\t\t\t<div class='gallery-icon landscape'>\n\t\t\t\t<a data-elementor-open-lightbox=\"yes\" data-elementor-lightbox-slideshow=\"0ee50ac\" data-elementor-lightbox-title=\"MIN_Culture_CMJN\" data-e-action-hash=\"#elementor-action%3Aaction%3Dlightbox%26settings%3DeyJpZCI6OTg4MiwidXJsIjoiaHR0cDpcL1wvY3VsdHVyZS16YXRvdXMuY29tXC93cC1jb250ZW50XC91cGxvYWRzXC8yMDI2XC8wNFwvTUlOX0N1bHR1cmVfQ01KTi1zY2FsZWQuanBnIiwic2xpZGVzaG93IjoiMGVlNTBhYyJ9\" href='http:\/\/culture-zatous.com\/wp-content\/uploads\/2026\/04\/MIN_Culture_CMJN-scaled.jpg'><img decoding=\"async\" width=\"300\" height=\"228\" src=\"http:\/\/culture-zatous.com\/wp-content\/uploads\/2026\/04\/MIN_Culture_CMJN-300x228.jpg\" class=\"attachment-medium size-medium\" alt=\"\" srcset=\"http:\/\/culture-zatous.com\/wp-content\/uploads\/2026\/04\/MIN_Culture_CMJN-300x228.jpg 300w, http:\/\/culture-zatous.com\/wp-content\/uploads\/2026\/04\/MIN_Culture_CMJN-1024x779.jpg 1024w, http:\/\/culture-zatous.com\/wp-content\/uploads\/2026\/04\/MIN_Culture_CMJN-768x584.jpg 768w, http:\/\/culture-zatous.com\/wp-content\/uploads\/2026\/04\/MIN_Culture_CMJN-1536x1169.jpg 1536w, http:\/\/culture-zatous.com\/wp-content\/uploads\/2026\/04\/MIN_Culture_CMJN-2048x1558.jpg 2048w\" sizes=\"(max-width: 300px) 100vw, 300px\" \/><\/a>\n\t\t\t<\/div><\/figure><figure class='gallery-item'>\n\t\t\t<div class='gallery-icon landscape'>\n\t\t\t\t<a data-elementor-open-lightbox=\"yes\" data-elementor-lightbox-slideshow=\"0ee50ac\" data-elementor-lightbox-title=\"c22\" data-e-action-hash=\"#elementor-action%3Aaction%3Dlightbox%26settings%3DeyJpZCI6OTg4MywidXJsIjoiaHR0cDpcL1wvY3VsdHVyZS16YXRvdXMuY29tXC93cC1jb250ZW50XC91cGxvYWRzXC8yMDI2XC8wNFwvYzIyLnBuZyIsInNsaWRlc2hvdyI6IjBlZTUwYWMifQ%3D%3D\" href='http:\/\/culture-zatous.com\/wp-content\/uploads\/2026\/04\/c22.png'><img loading=\"lazy\" decoding=\"async\" width=\"300\" height=\"68\" src=\"http:\/\/culture-zatous.com\/wp-content\/uploads\/2026\/04\/c22-300x68.png\" class=\"attachment-medium size-medium\" alt=\"\" srcset=\"http:\/\/culture-zatous.com\/wp-content\/uploads\/2026\/04\/c22-300x68.png 300w, http:\/\/culture-zatous.com\/wp-content\/uploads\/2026\/04\/c22.png 471w\" sizes=\"(max-width: 300px) 100vw, 300px\" \/><\/a>\n\t\t\t<\/div><\/figure>\n\t\t<\/div>\n\t\t<\/div>\n\t\t\t\t\t\t<\/div>\n\t\t\t\t<\/div>\n\t\t\t\t\t<\/div>\n\t\t\t\t<\/div>\n\t\t\t\t<\/div>\n\t\t","protected":false},"excerpt":{"rendered":"<p>Nos projets artistiques et culturels 2026\u20132027 En 2026 et 2027, Culture Zatous poursuit son engagement en faveur de la cr\u00e9ation, du partage et de l\u2019acc\u00e8s \u00e0 la culture pour tous. \u00c0 travers une diversit\u00e9 de projets artistiques et culturels, nous souhaitons encourager l\u2019expression, favoriser les rencontres et valoriser les talents. Des exp\u00e9riences immersives et culturelles&#8230;<\/p>\n","protected":false},"author":2,"featured_media":0,"parent":0,"menu_order":0,"comment_status":"closed","ping_status":"closed","template":"","meta":{"footnotes":""},"class_list":["post-9873","page","type-page","status-publish","hentry","no-post-thumbnail"],"acf":[],"_links":{"self":[{"href":"http:\/\/culture-zatous.com\/index.php?rest_route=\/wp\/v2\/pages\/9873","targetHints":{"allow":["GET"]}}],"collection":[{"href":"http:\/\/culture-zatous.com\/index.php?rest_route=\/wp\/v2\/pages"}],"about":[{"href":"http:\/\/culture-zatous.com\/index.php?rest_route=\/wp\/v2\/types\/page"}],"author":[{"embeddable":true,"href":"http:\/\/culture-zatous.com\/index.php?rest_route=\/wp\/v2\/users\/2"}],"replies":[{"embeddable":true,"href":"http:\/\/culture-zatous.com\/index.php?rest_route=%2Fwp%2Fv2%2Fcomments&post=9873"}],"version-history":[{"count":25,"href":"http:\/\/culture-zatous.com\/index.php?rest_route=\/wp\/v2\/pages\/9873\/revisions"}],"predecessor-version":[{"id":9905,"href":"http:\/\/culture-zatous.com\/index.php?rest_route=\/wp\/v2\/pages\/9873\/revisions\/9905"}],"wp:attachment":[{"href":"http:\/\/culture-zatous.com\/index.php?rest_route=%2Fwp%2Fv2%2Fmedia&parent=9873"}],"curies":[{"name":"wp","href":"https:\/\/api.w.org\/{rel}","templated":true}]}}